 (3 - 4) - -9
9
What is -12 - (-16 - -9 - (-4 + 0))?
-9
Calculate -8 + 1 + 4 + -6.
-9
Evaluate (-3 - (1 + -18)) + -6 - (10 - 7).
5
Calculate -16 + (-3 + 20 + -8 - (21 - 2)).
-26
What is (1 - ((-19 - -16) + -5 + 3)) + -15?
-9
What is -13 - ((-8 - (-7 + 15 - 18)) + 5)?
-20
What is 0 + -2 - -2 - (20 + 1 + -23)?
2
Evaluate (30 - 24 - 19) + (-3 - -1) + 7.
-8
What is 7 - (-11 - -26) - 4?
-12
What is -5 - ((-18 - (-5 + -6)) + -7)?
9
What is 18 + (-5 + 29 - 31)?
11
What is (-5 - (-4 - 2)) + (0 - 8) - -8?
1
Calculate (-10 - (-36 + 10 - -6)) + -9.
1
What is -7 + (-1 - 3 - (3 + -26))?
12
What is the value of -246 + 282 - (2 + 37)?
-3
Evaluate 21 - (5 + (1 - -5) + -10 + 10).
10
Calculate (-7 - 26) + 1 + -3 + -7 + 4.
-38
What is the value of -66 + 68 + -37 + 5?
-30
What is the value of (15 - 3) + 22 + -30 - (-2 - 9)?
15
-5 - (-248 - -250 - (-1 + 5))
-3
Calculate (-27 - 2) + 13 + 2 + -22 + 15.
-21
Evaluate -6 + (0 + -15 - -15 - -19).
13
Evaluate 1 - (-2 + (6 - -1) - (4 + -10)).
-10
What is (-9 - -5) + 7 + -2 + 5 + -11?
-5
Calculate (-18 - -20 - -8) + -16.
-6
What is -15 + (23 - 14) - -19 - 43?
-30
-5 + (168 - 172) + (11 - 1)
1
5 + (-108 + 105 - (0 - -1))
1
7 - (5 + -7 - 1) - 8
2
What is (-3 - 11) + 16 + -7?
-5
6 + -4 + 5 + -19
-12
What is the value of -7 + (7 - -9) + (-4 - -3)?
8
Calculate (-1 - 0) + 6 + (-4 - 1 - -1).
1
(20 - ((19 - 0) + -12)) + -7
6
-11 - (-11 - 4) - (8 - 1)
-3
Calculate -10 - -15 - -4 - -2.
11
13 - (0 + (-12 - (-3 + -1)))
21
Calculate 233 + -241 - (6 - -1).
-15
Evaluate 36 + -15 + -32 + -16.
-27
Calculate 12 + 1 + (-9 - -29) + -23.
10
Evaluate 3 - (30 - (-15 + 31)).
-11
What is -25 - (-3 - (3 + 0)) - -9?
-10
Evaluate -14 - -28 - (-2 + 9 - -5).
2
2 - -11 - (7 - -10)
-4
Calculate (-4 - 6 - (2 - 13) - 8) + -23.
-30
What is 5 + 4 + -8 - -2 - -2 - 26?
-21
(-5 - -3) + (4 - -11) + 4
17
Calculate 21 + -15 - (-9 + 5) - 28.
-18
Evaluate 13 + 10 + (-9 - 7).
7
What is 15 + (14 + -29 - 3)?
-3
(-114 - -87) + (1 + 0 - -5) + 8
-13
-19 + (34 - 31) + (-3 - -1)
-18
Evaluate (3 - 9) + (-18 + 10 - (-1 - 4)).
-9
Evaluate 5 + (-4 - (5 + -4)).
0
-1 + -8 - (-12 - -6) - -8
5
Evaluate -11 + (0 + -8 - (-6 + 0 - -1)).
-14
(9 - -7) + 2 + -3 - (5 + 2)
8
Evaluate -13 - -30 - 2 - (27 - 1).
-11
Calculate ((18 - 30) + -24 - -23) + (-4 - 0).
-17
What is the value of -1 - -2 - (-56 - -57 - (0 - -1))?
1
What is the value of 29 + (37 - 105) + -1 + 7 + 7?
-26
What is -10 + 23 - -3 - (6 + 0) - -2?
12
Evaluate 3 + 7 + -4 + (-28 - (12 - -3)).
-37
What is 9 + 1 + -6 + 15?
19
Evaluate -7 + (-7 - (-13 + -4 + 10)) + -7.
-14
(4 - 9) + -21 - (-25 - -13)
-14
What is (2 + 4 - 3) + -22 + -8 - 1?
-28
What is (33 - 29) + 0 + 0 + 7?
11
Calculate (20 - 13 - -12) + -13 - (-3 + -1).
10
-16 + 26 - (-1 - -3 - (5 - 10))
3
What is -17 + (-1 - ((-8 - -12) + -12))?
-10
What is the value of 5 + (-13 - 6) - -17?
3
What is 46 - (-3 + 26 + -1)?
24
Calculate 2 + -13 + -2 + 5 + -7 + 8.
-7
Calculate (-3 - -17 - (-5 - -1)) + -389 + 388.
17
What is (22 - 21) + (8 - 24)?
-15
What is the value of -20 + 4 + 22 + 6?
12
(6 - (-12 + 7 - -17)) + 6
0
What is -2 + 13 - ((6 - -6) + -5)?
4
Calculate 17 - (-1 + 18) - (15 - -2).
-17
What is the value of 1 - (-2 + (-16 + 9 + -1 - -27))?
-16
What is -20 + -3 + (-10 - -14)?
-19
What is 12 - 3 - (-1 + 5 + 11)?
-6
What is -8 + (52 - 32 - 42)?
-30
What is the value of (43 + -20 - -1) + -26?
-2
Calculate -15 + (7 - -17) + 18 + -5.
22
What is the value of -17 - -17 - 13 - 8?
-21
2 + (-19 + 6 - -24) + -10
3
What is the value of -10 - (26 + -29 + -16)?
9
-3 - ((15 - 5) + -19 + 1)
5
-9 + (-7 - (1 + 2))
-19
Evaluate -1 + 26 + (-206 + 188 - (-3 + -12)).
22
-25 + 10 + -3 + -1 + (-39 - -37)
-21
(-45 - -28 - (10 - 0)) + 9
-18
What is the value of 8 + -19 + 16 + -19?
-14
-2 + -5 - (-1 - -5 - (-10 + 9))
-12
What is the value of -2 - (0 + 3 - (-1 - 3) - -1)?
-10
-3 + -26 - (-23 + (23 - -1))
-30
What is -2 - -5 - ((4 - 18) + 2 - -4)?
11
What is -5 + 18 + -3 + -7 + -1?
2
What is 0 + 9 - ((43 - 23) + 1)?
-12
2 + 5 + -7 + 5 - (4 - -4)
-3
(-19 - -18) + -26 - -24
-3
What is (69 - 63) + -1 + -7?
-2
What is the value of -19 + 23 - 25 - -5?
-16
Calculate 1184 + -1174 + 0 + -1 + -7.
2
What is -14 + 8 + -14 + 10 + -1?
-11
What is the value of (-9 - -2) + (-5 - -12)?
0
What is the value of 22 + -5 + -15 + -8 + 0 + 2?
-4
What is (37 + -30 - (-1 + 1)) + -16?
-9
Evaluate 14 + -18 + 11 - (-10 - 1).
18
What is 3 - (15 + -3 + 31 + -44)?
4
-7 - ((5 - (0 + 11)) + -16)
15
What is 4 - 25 - 5 - 0?
-26
What is (1 - 17) + -24 + 31 + 24?
15
What is 34 + -62 + (7 - -8)?
-13
Evaluate (11 - (-2 - (6 - 10 - 6))) + -14.
-11
(347 - 353) + 17 + (2 + -1 - -1)
13
Evaluate 5 - ((12 - 5) + 1 + -4 + -13).
14
Evaluate -21 + (24 - 13) + 5 - (0 - -5).
-10
What is the value of (-6 - (-10 + -7)) + -12?
-1
Calculate -89 + 71 + (5 - 1) - (-1 + 3).
-16
What is (-116 - -97 - (2 + -12)) + 13?
4
(20 - (35 - (-9 - -3))) + (6 - -1)
-14
What is the value of 42 + (-20 - 2) - 13?
7
14 + -9 + 2 + -18
-11
What is 11 + -1 + (8 - 21)?
-3
Calculate 4 + 8 - 6 - (-4 - -18).
-8
Calculate (21 - (7 + -3)) + (1 - (-10 - -19)).
9
-41 + 48 - (0 - 4) - (3 - -3)
5
What is the value of -11 + (-9 - (28 - 20 - -4))?
-32
Calculate (1 - 2) + (18 - 4) - 3.
10
What is (2 - -2) + (-2 - 3 - (10 + -14))?
3
Calculate 4 + -1 + (-20 + 29 - 10).
2
What is -18 - -39 - 11 - (0 + -1)?
11
Evaluate (-9 + 18 - 8) + -1 - -15.
15
Evaluate -2 + 10 + 34 + -38 - 4.
0
23 + (13 - (59 + -9))
-14
Evaluate 9 + (-7 - 4) + 0 + 5 + 1.
4
What is the value of (-4 - 1) + 13 + 8 + -13?
3
What is 12 + -11 + (-1 + 2 + 6 - 0)?
8
0 + -4 + 6 + -8
-6
What is 2 + (6 - 4) + 1?
5
What is the value of -6 + (-33 - -25 - (0 - -7))?
-21
What is the value of -8 - (-8 + 5) - (2 - 2) - -5?
0
Evaluate -4 - (2 + (3 - 11)).
2
Calculate (-7 - 0) + -5 + -6 + 6.
-12
What is the value of (0 + 1 - (10 - -1)) + 2275 + -2278?
-13
Calculate -11 - (4 - 5) - (24 - 33).
-1
What is -3 + (15 - 11 - (0 - -5))?
-4
Evaluate -13 + 1 + 4 + -5 - -4.
-9
What is the value of 6 - (4 - (9 - -7) - -6 - -15)?
-3
What is 21 - ((-5 - -9) + -9 - (-4 + -6))?
16
What is the value of 1 + 9 + 3 + (5 - (24 + -16))?
10
Calculate -2 - (8 - 4 - 8) - 13.
-11
(2 + -23 - (3 + -10)) + 0
-14
What is the value of 8 - (1 + 3 + 60 + -43)?
-13
-4 + (5 + 5 - 12)
-6
Evaluate (145 - 135) + (1 + 1 - -3).
15
Evaluate -1 + -7 - (4 + (-9 - -11 - -4)).
-18
What is the value of 3 + -16 - ((2 - 16) + 28)?
-27
Calculate (-8 - (3 + 2)) + 29.
16
Evaluate -24 - (-8 + -34 + 12).
6
What is 5 - -23 - 27 - (9 - 1)?
-7
What is (71 - 52) + (17 - 13)?
23
Evaluate 9 + (-18 - -14) - ((-3 - -4) + 20).
-16
Evaluate 0 - (10 + -7 + -3).
0
(-13 - (2 + 1)) + (342 - 340)
-14
What is the value of -1 + 17 + 14 + 0 + (-3 - -1)?
28
-8 - (-45 - (-5 + -2))
30
(1 - -2) + -1 + -1
1
What is the value of 1 - 2 - ((-2 - (-2 - 4)) + 3)?
-8
What is (1 + 4 - (426 + -428)) + (-1 - 17)?
-11
What is the value of 3 - (3 + 12 + -25 - -9)?
4
10 + 8 + -2 + 16 + -58
-26
What is the value of 15 - (-2 - (3 + 6) - -18) - -21?
29
11 - ((2 - 11) + 13) - -6
13
Calculate -12 - (-31 - (5 + (-17 - 5))).
2
(-2 + -5 - (16 + -4 + -15)) + -5
-9
Calculate (18 + 27 - -2 - (-1 - -13)) + -12.
23
What is (7 - (-42 + 21)) + -5?
23
Calculate (32 + -26 - (-1 + 10)) + 6 - -7.
10
Calculate 2 + -2 + (12 - (-1 + 2)).
11
Evaluate 0 + -21 + 51 + -6 + -35.
-11
Evaluate -6 - (-8 + (-14 - -10)) - (0 - -15).
-9
What is 5 - (6 - (-11 - -2))?
-10
Calculate 19 + (14 - 37) - (-2 - -1).
-3
What is -27 + 39 - (21 + 3)?
-12
Evaluate 18 - (2 + 37 + -4) - (-11 - -1).
-7
What is the value of -2 - (12 - (16 + -1)) - 10?
-9
What is the value of 18 + (0 - -5) + (-2 - 10) - -5?
16
Calculate (-9 - 7 - -7) + 19 + 5.
15
Calculate -9 + 20 + 18 - 21.
8
What is the value of (601 + -598 - (4 + -1)) + -8?
-8
8 - 41 - (-2 + -10) - -4
-17
Calculate -7 + -15 + 21 + -9.
-10
What is (685 + -692 - (0 + -4 + 1)) + -7?
-11
What is 3 - 1 - (22 + -1 - 36)?
17
0 + 0 + (-2 - 8) - -28
18
Calculate (55 - (19 - 3)) + 0 + -5 + -1.
33
34 - (-3 + (-6 - -2) - (3 - 15))
29
What is -20 - -4 - (-9 + 18) - -1?
-24
What is -7 + ((1 - 7) + 3 - -4 - -11)?
5
-5 + -8 + 23 + -9 + -1 + 26
26
-12 + 0 + 7 + -4 + 5 + -2
-6
What is -1 + -8 + 12 + 5 + -40 + 21?
-11
Calculate 1 + (-12 - -2) + 9.
0
Evaluate 2 + -1 + (-9 - -11).
3
Calculate (-2 - (4 + -5 + 18)) + 15.
-4
What is the value of -